e the greatest common divisor of a and o.
16
Let z(w) = w**3 - w**2 + w. Let l be z(2). What is the greatest common factor of 18 and l?
6
Let o = 3 - 0. Let i be (0 - 2) + o*8. What is the greatest common divisor of 198 and i?
22
Suppose 5*o - 2*a = 29, -2*o - 4*a = -9*a - 20. Suppose 5*z + m - 74 = 28, 2*z - o*m = 30. What is the greatest common factor of z and 80?
20
Let b be (-261)/(-6)*(-4)/6. Let a = b + 60. Calculate the highest common factor of a and 217.
31
Suppose c + 0 = 1. Let z be (-42)/(-3) + (-2 - c). What is the highest common factor of 55 and z?
11
Let t(k) be the second derivative of -k**3/6 + 6*k**2 - k. Suppose 2*g + 2*g = 32. Let m be t(g). Calculate the greatest common divisor of m and 8.
4
Let x(o) = o**3 + 8*o**2 + 3*o - 6. Let z be x(-7). Let r = -18 + z. Calculate the highest common divisor of 20 and r.
4
Let t(k) = k**3 - 15*k**2 - 18*k - 8. Let l be t(17). Calculate the highest common divisor of 33 and l.
33
Suppose -s + 3 = -2. Suppose -5 = -s*a, -w + 22 - 5 = 2*a. Suppose -w - 3 = -t. What is the highest common factor of 45 and t?
9
Let l = 6 + -2. Calculate the greatest common factor of 44 and l.
4
Let v(z) = -z**2 - 3*z + 2. Let b be v(-4). Let h be (-7)/(-2) + (-2)/(-4). Let f = h - b. Calculate the greatest common divisor of f and 3.
3
Suppose -10 = -5*k, -3*h = 5*k - 62 - 17. Suppose -c = -0 - 5. Let v = h - c. What is the greatest common divisor of 45 and v?
9
Let b be (-1 + -2)/(6/(-8)). Let t be 2/(-3) - 40/(-15). Let x be (-8)/(-6)*6/t. What is the highest common factor of x and b?
4
Let s(a) = -6*a - 1. Let m be s(-1). Let o = 37 + -22. What is the highest common divisor of o and m?
5
Suppose -d = 33 - 99. Let a be 14 - 9 - (0 - 1). What is the greatest common divisor of d and a?
6
Suppose 22*x - 168 = 20*x. Calculate the greatest common divisor of 56 and x.
28
Let k(t) = t**3 - 4*t**2 - 5*t - 7. Let z be k(5). Let x = 12 + z. What is the greatest common divisor of x and 1?
1
Let j be (-5 + 3 - 3)*-1. Suppose 2*t = -v + 19 - 4, 45 = 5*v - j*t. Calculate the greatest common factor of v and 11.
11
Let d = -26 - -37. Calculate the highest common factor of d and 99.
11
Let u(g) = -g**3 + 4*g**2 + 8*g - 6. Let c be u(5). Suppose 0 = -5*f + 20, -c - 12 = -h - 5*f. Calculate the greatest common factor of 4 and h.
1
Let l be (-2 - -3) + 14*1. Suppose 3*u + 6 = 2*o + 3*o, -5*o - 5*u + 30 = 0. What is the greatest common factor of l and o?
3
Let m = -35 - -53. What is the greatest common divisor of m and 2?
2
Let p = 21 + -8. Suppose -b = -4*n, -5*b + p = -2*n - 5. Calculate the highest common factor of n and 2.
1
Let l(z) = 5*z**2 - 2*z - 3. Let b be l(6). Let n(x) = -14*x + 103. Let p be n(5). What is the highest common factor of b and p?
33
Suppose d + 120 = 5*v, 70 = 2*v + 3*d + d. Suppose -z + v - 3 = 0. Calculate the greatest common factor of 242 and z.
22
Let a be (1 - 0) + -7 + 6. Let f be 12 + a/(-1 - -2). Calculate the greatest common factor of 4 and f.
4
Let w be (-172)/(-36) - (-3 - 25/(-9)). Calculate the greatest common factor of 35 and w.
5
Let z be 189/6*(2 + 0). Suppose 2*m = m + 4. Suppose 5 = 3*u - m*i, 3*i - i = -4*u + 36. What is the greatest common factor of z and u?
7
Let a(u) = -u + 7. Let k be a(7). Suppose 2*f + k*f = 130. Suppose -3*c = -8*c + f. What is the highest common factor of 143 and c?
13
Suppose -4 + 2 = -j. Suppose 4*a + 11 = 3*b - 8, j*a - 18 = -4*b. Calculate the greatest common factor of 2 and b.
1
Let i be (-22)/(-4) - (-12)/(-8). Let y be 2/i + (-1635)/(-6). Let z = -169 + y. What is the greatest common divisor of z and 13?
13
Let w = -4 - -6. Let b be w - 0 - (-21)/3. Suppose -x = -2 - b. Calculate the highest common factor of x and 77.
11
Suppose -2*n + p = 98, 14 + 30 = -n - 2*p. Let a = n - -70. Let s be 21 - ((0 - 2) + 1). Calculate the greatest common factor of a and s.
22
Let x be ((-15)/6 - -2)*-40 + 4. Suppose 2*y - 360 = -y. What is the highest common divisor of y and x?
24
Suppose n - 2*q + 6 = 0, 0 = 3*n + q + 4*q - 15. Let i be 2 + n + (-6)/(-1). What is the highest common divisor of i and 12?
4
Let p(w) = w**3 - 4*w**2 - 12*w + 18. Let m be p(7). What is the greatest common factor of 9 and m?
9
Suppose 28 - 6 = 2*h. Suppose 0 = -3*c + 1 + 74. Let l = 47 - c. What is the greatest common divisor of l and h?
11
Let w = 7 - -11. What is the highest common divisor of 144 and w?
18
Let g(q) = q**3 + 4*q**2 - q - 4. Let i be g(-3). Suppose -2*r - 10 = -r. Let y = -2 - r. What is the highest common divisor of y and i?
8
Suppose 3*w - 3 = 4*w. Let x be (-6)/(-1 + (-2)/w). Suppose x + 2 = 5*c. What is the highest common divisor of c and 44?
4
Let q be 4/6*3 + -20. Let i be q/(-4) + (-3)/(-6). What is the greatest common factor of 10 and i?
5
Let x = 7 + -5. Let h = x + 6. Suppose 3*a - 4*g - 276 = 0, -3*a - 5*g - 40 = -289. What is the greatest common divisor of a and h?
8
Let d = -7 + 10. Let s(c) = 2*c**2 - 5*c + 3. Let w be s(d). Calculate the greatest common factor of 2 and w.
2
Let l be 192/36 + 2/(-6). Suppose -l*d + 31 = -219. Let i = 35 - 25. Calculate the highest common factor of d and i.
10
Let p = 13 + -1. What is the greatest common divisor of 78 and p?
6
Let k be 19 + (0 - -2) + 0. Suppose 4*p = 3 + 5. Suppose 0*o = p*o - 28. Calculate the highest common factor of k and o.
7
Let s(o) = o**3 - 5*o**2 + 10*o - 6. Let v be s(5). Calculate the greatest common divisor of v and 44.
44
Let u be 2/((-1)/(-1 + -1)). Suppose g = -g + u. Suppose g*s + s - 36 = 0. What is the highest common divisor of s and 108?
12
Suppose 0 = -0*i - i + 32. Let y be (-5 + 0 + 1)*-1. What is the greatest common divisor of y and i?
4
Let w = -47 + 146. Calculate the highest common factor of 66 and w.
33
Let p(k) = -5*k - 1. Let q be p(-1). Let u(a) = -a**3 + 5*a**2 - 3*a + 4. Let c be u(q). Calculate the greatest common factor of c and 20.
4
Let d be (6/(-5))/(4/(-10)). Suppose -2*y + 50 = d*y. Suppose 6*t = t + y. Calculate the highest common factor of t and 18.
2
Let b = -1 + 3. Suppose -b*v + 378 = -0*v. What is the greatest common divisor of 21 and v?
21
Let c = 6 - 2. Suppose -5*i = 3*t - 19 + 4, -2*i - 4*t + 20 = 0. Suppose 2*v - 24 = c*x, v - 2*v + x + 9 = i. Calculate the highest common divisor of 24 and v.
6
Let p = 1 + 0. Let k = -2 + 0. Let v be p/2 - 17/k. Calculate the greatest common divisor of v and 27.
9
Let y be (-10)/(-30) + (-28)/(-6). Suppose 6*d - 88 = y*d. What is the greatest common divisor of 11 and d?
11
Let a be 3 + 0 + 1 + -1. Let o be ((-2)/(-1))/(2*-1). Let j be (26 - o)/(a/4). What is the highest common factor of 24 and j?
12
Suppose -3*h + 51 = -0*h. Calculate the greatest common factor of h and 119.
17
Let s = 29 - 23. What is the highest common factor of 12 and s?
6
Let u be 38/4 - 5/10. Let h(o) = 2*o**2 - o + 6. Let q be h(6). Calculate the highest common factor of q and u.
9
Suppose 0*j + 36 = j. Let k be -12 + (2/(-1) - -1) + 3. Let c = j + k. Calculate the highest common divisor of c and 13.
13
Let r(v) = -13*v + 3. Let a be r(-9). Suppose -2*l + 4*l - 30 = 0. What is the greatest common divisor of l and a?
15
Let s be ((2 + -4)/1)/((-4)/40). Calculate the greatest common factor of 80 and s.
20
Let z be 0/1 + -1 - -1. Suppose z*w + 5*w = 900. What is the greatest common factor of 20 and w?
20
Suppose 0 = 3*d - 5*f - 56 - 54, -162 = -4*d - f. What is the highest common factor of 5 and d?
5
Suppose z - 16 = -2*v + 3, -4*v = 5*z - 47. Calculate the greatest common factor of v and 16.
8
Let x be (-12)/(-24) + (-14)/(-4). Calculate the greatest common divisor of x and 10.
2
Let o be (-13)/(-13)*(-10)/(-2). Suppose 5*f = 4*s + 588, 296 - 71 = 2*f - o*s. Calculate the greatest common factor of f and 30.
30
Let g(x) = x**3 - 8*x**2 - 5*x - 6. Let a be g(9). What is the greatest common divisor of 3 and a?
3
Let s(i) = -i**2 + 10*i - 4. Let v be s(7). Suppose -5*f = 3*z - 9 - 10, -5*f + v = 4*z. Let n = 69 + -24. Calculate the highest common factor of n and f.
5
Let j be (-1347)/(-12) + (-5)/20. Calculate the greatest common divisor of j and 14.
14
Let a = 194 + -190. What is the highest common factor of 4 and a?
4
Suppose -2*s + 5*u + 41 = 0, 0*s - 86 = -2*s - 4*u. Calculate the greatest common factor of s and 33.
33
Let z be ((-12)/10)/((-3)/50). Let a